{"id":208,"date":"2018-02-25T14:30:42","date_gmt":"2018-02-25T13:30:42","guid":{"rendered":"http:\/\/ghana-daakye.com\/?page_id=208"},"modified":"2018-03-11T10:31:13","modified_gmt":"2018-03-11T09:31:13","slug":"unterstuetze-uns","status":"publish","type":"page","link":"http:\/\/ghana-daakye.com\/?page_id=208","title":{"rendered":"Unterst\u00fctze uns"},"content":{"rendered":"<p>Wenn dich unsere Arbeit \u00fcberzeugt, freuen wir uns \u00fcber Unterst\u00fctzung. Schau doch mal, ob dich einer dieser Wege anspricht:<\/p>\n<ul>\n<li>Erz\u00e4hle von uns! Ob beim n\u00e4chsten Treffen mit Freunden oder Familie oder in dem du unsere Website bei Facebook teilst. Was z\u00e4hlt ist, dass unsere Vision mehr Menschen erreicht.<\/li>\n<li>Mache mit bei unserer <a href=\"http:\/\/ghana-daakye.com\/?page_id=56\">B\u00fccheraktion<\/a>.<\/li>\n<li>Unterst\u00fctze uns mit einer <a href=\"http:\/\/ghana-daakye.com\/?page_id=60\">Spende<\/a>. Wir freuen uns, egal wie hoch sie ausf\u00e4llt.<\/li>\n<li>Nutze beim Onlineshopping einen unserer <a href=\"http:\/\/ghana-daakye.com\/?page_id=58\">Empfehlungslinks<\/a>.<\/li>\n<li>Du bist grade in Ghana? <a href=\"http:\/\/ghana-daakye.com\/?page_id=54\">Besuche<\/a> Ibrahim und \u00fcberzeug dich selbst von dem Projekt.<\/li>\n<\/ul>\n","protected":false},"excerpt":{"rendered":"<p>Wenn dich unsere Arbeit \u00fcberzeugt, freuen wir uns \u00fcber Unterst\u00fctzung. Schau doch mal, ob dich einer dieser Wege anspricht: Erz\u00e4hle von uns! Ob beim n\u00e4chsten Treffen mit Freunden oder Familie oder in dem du unsere<a class=\"read-more\" href=\"http:\/\/ghana-daakye.com\/?page_id=208\">Continue reading<\/a><\/p>\n","protected":false},"author":1,"featured_media":0,"parent":14,"menu_order":0,"comment_status":"closed","ping_status":"closed","template":"page-templates\/page_fullwidth.php","meta":[],"_links":{"self":[{"href":"http:\/\/ghana-daakye.com\/index.php?rest_route=\/wp\/v2\/pages\/208"}],"collection":[{"href":"http:\/\/ghana-daakye.com\/index.php?rest_route=\/wp\/v2\/pages"}],"about":[{"href":"http:\/\/ghana-daakye.com\/index.php?rest_route=\/wp\/v2\/types\/page"}],"author":[{"embeddable":true,"href":"http:\/\/ghana-daakye.com\/index.php?rest_route=\/wp\/v2\/users\/1"}],"replies":[{"embeddable":true,"href":"http:\/\/ghana-daakye.com\/index.php?rest_route=%2Fwp%2Fv2%2Fcomments&post=208"}],"version-history":[{"count":2,"href":"http:\/\/ghana-daakye.com\/index.php?rest_route=\/wp\/v2\/pages\/208\/revisions"}],"predecessor-version":[{"id":228,"href":"http:\/\/ghana-daakye.com\/index.php?rest_route=\/wp\/v2\/pages\/208\/revisions\/228"}],"up":[{"embeddable":true,"href":"http:\/\/ghana-daakye.com\/index.php?rest_route=\/wp\/v2\/pages\/14"}],"wp:attachment":[{"href":"http:\/\/ghana-daakye.com\/index.php?rest_route=%2Fwp%2Fv2%2Fmedia&parent=208"}],"curies":[{"name":"wp","href":"https:\/\/api.w.org\/{rel}","templated":true}]}}